ose s = -3*c - i, 3*i + 2*i + 26 = c. What are the prime factors of 115 - ((-6)/3 - c*-4)?
113
Suppose -4*i + 815 + 3604 = r, -3*i = -2*r + 8882. What are the prime factors of r?
5, 887
Suppose 0 = -3*d + 179 + 79. Suppose y - 254 = d. Suppose m - y = -m. What are the prime factors of m?
2, 5, 17
Let d be (52 - 1)*(-2 - -3). Suppose -6*i = -9*i + d. Suppose -7*w = -i - 4. What are the prime factors of w?
3
Let v = -383 + 511. Suppose 0 = -127*y + v*y - 549. List the prime factors of y.
3, 61
Let b be (19 + (-3 - 1))*(2 + -1). Suppose 0 = j - b + 3. What are the prime factors of j/(-24) + 86/4?
3, 7
Let t be ((4 - 12) + -173)/(-1). Suppose 3854 = 5*c - t. List the prime factors of c.
3, 269
Let y be 23 - (-4)/(-3)*21/14. Let h(t) = -2*t**3 + 46*t**2 - 49*t + 16. What are the prime factors of h(y)?
751
Let a be -2 - -1 - (-30)/10. Let p(g) = 2 + 1 - a*g + 36*g**3 - 24*g**2 - 37*g**3. What are the prime factors of p(-24)?
3, 17
Let d be (2/5)/(10/50). Suppose 0 = 10*y - d*y - 24. List the prime factors of y/(-4) - (-163)/4.
2, 5
Let u = 763 + -759. List the prime factors of ((-444)/(-18) - -3)/(u/156).
13, 83
Let i(m) = 63 - 231*m + 1 + 0 - 20 - 16. What are the prime factors of i(-4)?
2, 7, 17
Suppose 0 = -3*w + 28 - 16. Let j(b) = 3*b**3 - 8*b**2 - 6*b + 14. What are the prime factors of j(w)?
2, 3
Suppose -3*i - 3644 = -7*i. Let f = i + -422. List the prime factors of f.
3, 163
Let q be (-8 + 7)/(2/20). Let k(m) = -m**2 - 24*m - 11. Let b be k(q). Let i = -62 + b. List the prime factors of i.
67
Let u = -230 - -240. Suppose -905 = -u*o + 5*o. What are the prime factors of o?
181
Let r(q) = 626*q**2 - 44*q + 90. List the prime factors of r(11).
2, 9419
Let d = -22 + 34. Suppose 0 = 12*n - 7*n - 75. Let c = n + d. List the prime factors of c.
3
Let c(i) = i**3 - 2*i**2 - 9*i - 17. Let n be c(5). Suppose -n*b + 6676 = -9*b. List the prime factors of b.
1669
Let h(c) = 9*c**2 + 6*c - 41. Let u be h(8). Suppose -3942 = -u*w + 577*w. List the prime factors of w.
3, 73
Suppose t - 35076 = -4*n, -5*n - 147*t + 146*t + 43844 = 0. List the prime factors of n.
2, 137
Let p = 135 + -139. List the prime factors of 490 + (-4 - (-6 - p)).
2, 61
Let f be (-44)/(7 - 3)*-39. Suppose 0 = -2*a + 4*m + 5 + f, 462 = 2*a + 3*m. What are the prime factors of a?
3, 5
Let d(v) = 978*v - 3177. What are the prime factors of d(8)?
3, 1549
Let u(n) = 81*n**2 - 36*n + 11. What are the prime factors of u(-14)?
37, 443
Suppose 2*g - 22 = 14. Suppose -g = -5*d + 2, 2*d + 5842 = 5*v. What are the prime factors of v?
2, 3, 5, 13
List the prime factors of (26 - (-35 + 28))/((-1)/(-173)).
3, 11, 173
Let a = 106610 - 42417. List the prime factors of a.
23, 2791
Let q(w) = w**2 - 6*w - 38. Let o be q(10). Let d be (-6)/(3 - o - 4). List the prime factors of 6/d + 179 + -4.
2, 89
Suppose 3*n - 2*m = -82, 5*m + 7 = -n + 8. List the prime factors of 8/n*6 + 131.
3, 43
Let n be (-4)/(2 - -6)*-4. Suppose -n*o + f + 7 = -1, 3*o - 3*f = 9. Suppose v + 247 = o*v + t, t = -5. List the prime factors of v.
3, 7
Let h(z) = 18*z - 1. Let u be h(2). Suppose -126*v = 90*v - 23828 - 4252. Let k = v + u. What are the prime factors of k?
3, 5, 11
Suppose 13*a - 24*a + 32252 = 0. Suppose 13*w - 10*w = 15, 2*f + 2*w - a = 0. What are the prime factors of f?
3, 487
Let h = 76 - 70. Suppose -4*s + h*s = 8. Suppose -2*j = -3*y - 175, -s*j - 2*y + 335 = -3*y. What are the prime factors of j?
83
Suppose -4*z = -2*v + 12596, 17609 = 4*v - 4*z - 7603. List the prime factors of v.
2, 19, 83
Suppose -4*v - b + 5*b = -19076, b = 0. Let s = -3374 + v. What are the prime factors of s?
3, 5, 31
Let p(i) = 255*i**2 - 81*i + 233. What are the prime factors of p(10)?
24923
Suppose 3*x + 2*c - 26 = -16, 0 = 4*x - 5*c + 2. Suppose x*w = -5*i - 0*w + 9095, -3*i + 5*w = -5426. What are the prime factors of i?
23, 79
Let h be (-3)/(-8) + (-3)/24*3. Suppose h = -7*z + 1211 - 203. List the prime factors of z.
2, 3
Let i = 7577 + 25946. What are the prime factors of i?
7, 4789
Suppose 138360 = -410*h + 413*h - u, -46120 = -h + 2*u. What are the prime factors of h?
2, 5, 1153
Suppose 4*h = 2*s + 4152 - 9964, 0 = s + 2*h - 2910. List the prime factors of s.
2, 727
Suppose -v + 290 = 86. Suppose -2*j + 2*u = -26 - v, -j + 111 = -2*u. List the prime factors of j.
7, 17
Suppose 0 = 2*v + 3*p - 24, -3*v + 2*v - 14 = -5*p. Suppose -2054 = -2*i + 2*x, 5*i - 2*x + 1021 = v*i. What are the prime factors of i?
5, 41
Let k = 989 + 1027. Suppose -6*z + k = 6*z. List the prime factors of z.
2, 3, 7
Let c(h) be the third derivative of 5*h**4/4 + 6*h**3 - 2*h**2 - 29. List the prime factors of c(9).
2, 3, 17
Let d(p) = -p + 27. Let b be d(22). Suppose -18*g + b*g + 1170 = 0. List the prime factors of g.
2, 3, 5
Let k(f) be the first derivative of 3 + 4*f + 29*f + 4 - 12*f**2 - 2. What are the prime factors of k(-4)?
3, 43
Let x be 0*(1 + 0 + 0). Suppose -15*j + 4 + 26 = x. Suppose -4*o + b = -j*b - 602, b - 154 = -o. List the prime factors of o.
2, 19
Let x be 8/48*4 + (-1138)/6. Let j = 262 + x. What are the prime factors of j?
73
Let o = 11 + -81. Let l = o + 344. Suppose -l = -4*x + m, -3*m + 55 = x - 7. What are the prime factors of x?
2, 17
Suppose -3*o + 2*b = -3, 2*o + 2*b - 6*b + 6 = 0. Suppose 0*r - r + 357 = 4*y, y - 86 = o*r. What are the prime factors of y?
89
Let k be 1/((-7)/(-1645))*-1. Let b = 255 - -103. Let g = b + k. List the prime factors of g.
3, 41
Let m(z) = z**3 + 8*z**2 + 16*z + 5. Let a be m(-5). What are the prime factors of 43722/112 - (3/8 - a)?
2, 3, 5, 13
Let m(j) = 10*j + 20 + 18 - 38. Let d be m(5). Suppose -y = d - 218. What are the prime factors of y?
2, 3, 7
Suppose -4 = 5*t + 11, -z = 3*t - 16799. List the prime factors of z.
2, 11, 191
Suppose 5*l = 5*q + 75, -3*l + 8 = 3*q - 31. Suppose 28*v + l*v = 56532. List the prime factors of v.
2, 673
Let n = 14568 + -4088. List the prime factors of n.
2, 5, 131
Let j(y) = -y**3 - 4*y**2 - 4*y - 3. Let u be j(-4). Suppose u*c - 3369 + 1016 = 0. Let z = c - 56. What are the prime factors of z?
5
Let h be (-560)/30*((-210)/4)/5. What are the prime factors of 36*(h/16 + -2)?
3, 41
Suppose -4*d - 29541 = -2*q + 1393, 23207 = -3*d - 5*q. List the prime factors of 3*(-1)/(9/d*2).
1289
Let f = -2222 - -2226. Let p(w) be the second derivative of w**4/4 + w**3 - 4*w**2 + w. What are the prime factors of p(f)?
2
Suppose 5*q = 4*o - 518, -4*q + 375 = 3*o + 2. Suppose 129*f - o*f = 2162. What are the prime factors of f?
23, 47
Let l be 315 - (-1 - (-12)/(-4)). Suppose g + 4*t - l = -46, 5*t = -15. List the prime factors of g.
3, 5, 19
Suppose 3070*c + 3301658 = 3129*c + 592201. List the prime factors of c.
19, 2417
Suppose 272 = 20*f + 12. Suppose -f*k = -9121 + 2010. List the prime factors of k.
547
Let m = -30262 - -52452. List the prime factors of m.
2, 5, 7, 317
Suppose -3*x + 12*x = 36. Suppose 5 + 9 = 5*w - x*t, 3*t = 2*w. Suppose 0 = w*l - 507 - 87. What are the prime factors of l?
3, 11
Suppose 54*b + 32*b = 434472. List the prime factors of b.
2, 3, 421
Let c(o) = -19*o + 41*o**2 + 54 - 23*o**2 - 17*o**2. Let i be c(22). Let f = i - 60. What are the prime factors of f?
2, 3, 5
Suppose -3*x - 10360 = 9*q - 10*q, 2*q + 4*x - 20680 = 0. List the prime factors of q.
2, 13, 199
Suppose 6*m - 143 = 5*m. Suppose -2*b = 5*k - 228 - 12, 3*k - m = -b. Suppose 0 = k*h - 51*h + 780. What are the prime factors of h?
2, 3, 13
Let m = 1338 + 319. Suppose 0 = -6*s + s - r + m, 2*s - 5*r - 652 = 0. List the prime factors of s.
331
List the prime factors of 1/(15 - 1073852/71591).
5507
Suppose 90676 = 2*k - 3*x, 59172 = 4*k + 4*x - 122100. List the prime factors of k.
2, 131, 173
Suppose 2017 = -3*b + u, 0 = -3*b + 9*u - 6*u - 2025. Let d = -378 - b. List the prime factors of d.
293
Let c(r) be the second derivative of -3*r**5/20 + r**4/4 - r**3/6 + 7*r**2/2 + 11*r. Let m be c(-5). Suppose 21*s - 15*s - m = 0. List the prime factors of s.
7, 11
Let h(b) = -12*b + 26. Let q be h(2). Suppose 2*k = -5*d + 4*k + 1385, -q*k + 1405 = 5*d. What are the prime factors of d?
3, 31
Let i(z) = 2*z - 7. Let g(k) = k**3 - 11*k**2 - 17*k + 31. Let t be g(12). Let o = -17 - t. What are the prime factors of i(o)?
17
Suppose -16316 + 44407 = 11*d - 95813. List the prime factors of d.
2, 11
Let k 